6)?
2, 191
Let a = 4845 - 7725. List the prime factors of 48/28 + -2 + a/(-35).
2, 41
Let b(c) = 31*c**2 - 25*c - 192. What are the prime factors of b(-13)?
2, 17, 79
Let v(j) = 590*j**3 - 3*j**2 - 5*j + 2. What are the prime factors of v(2)?
2, 5, 47
Let z(l) = l**2 - 9*l - 10. Let n be z(11). Let r be (-4 - n/(-4))*(-3 + 5). What are the prime factors of (54/(-4))/(r/28 - 0)?
3, 7
Suppose 0 = 96*b - 368612 - 274300. What are the prime factors of b?
37, 181
Let d(o) be the first derivative of 5*o**3/6 - 7*o**2 + 6*o - 9. Let i(b) be the first derivative of d(b). What are the prime factors of i(17)?
71
Suppose g - 13800 = -27*k + 23*k, k - 3459 = 2*g. List the prime factors of k.
7, 17, 29
Let m(i) = -i**3 + 5*i**2 - 2*i - 5. Let j be m(4). Suppose 1922 = 5*f - s, j*s = 5 + 4. What are the prime factors of f?
5, 7, 11
Suppose 12*t + 1830625 = 79*t + 118641. What are the prime factors of t?
2, 1597
Suppose -4*p + 1 = -o - 4, 4*o = -20. Let f be (30 + p/(-2))*16/20. Let r = f - -9. What are the prime factors of r?
3, 11
Let c = 647 - -1654. Let g = c + -1322. What are the prime factors of g?
11, 89
Let w(o) = 2*o**3 + 83*o**2 + 61*o - 225. List the prime factors of w(-38).
5, 17, 89
Let p = 114263 + -76739. List the prime factors of p.
2, 3, 53, 59
Let d(o) = 5771*o + 641. What are the prime factors of d(6)?
35267
Suppose 4*v + 4*j - 28 = 0, 0 = -3*v + v + 3*j - 6. Suppose -v*l - 3*l = -30. Suppose -5*f = d - 109, 0 = 4*d + l*f - 269 - 122. List the prime factors of d.
2, 47
Let c = -5 + 11. Let y(h) = -4 + 5*h**2 - 31*h - 3 + 5*h**2 - 2*h**2. List the prime factors of y(c).
5, 19
Let m(n) = -2*n**3 + 19*n**2 - 9*n + 8. Let c be m(9). What are the prime factors of (-303)/1*12/((-32)/c)?
3, 101
Let m be 1108/(-8)*-34*3. Suppose 2865 = 12*h - m. List the prime factors of h.
2, 3, 59
Suppose 1549892 = 217*y + 665730 - 2054235. List the prime factors of y.
11, 1231
Let v(z) = 5*z - 93. Let c be v(18). List the prime factors of 17/(-17) + (217 - c).
3, 73
Let j(v) = 22*v**3 + 5*v**2 - v - 3. Let l be j(-2). Let t = -14 - l. Suppose 289 = 2*b - t. List the prime factors of b.
2, 3
Let r = -124 + 125. What are the prime factors of ((-3864)/(-14))/(r/1)?
2, 3, 23
Let j be (-4*369)/(-3) - (-2 - -4). Let n = 688 - j. What are the prime factors of 0/23 - n/(-2)?
3, 11
Suppose 2*u = -123 + 3. Suppose -5*q + 4*w + 440 = 0, 272 = 5*q - 2*q - 4*w. Let m = u + q. List the prime factors of m.
2, 3
Suppose 0 = 14*c - 6*c - 19650 - 29214. List the prime factors of c.
2, 3, 509
Let s be (81/12)/((-15)/(-40)). List the prime factors of ((-7376)/(-36) + 2/s)/1.
5, 41
Suppose -6*u + u = -20. Suppose u*x - 2844 = -2*w, -3*w = 5*x + 2*w - 3545. List the prime factors of x.
23, 31
Let b = 77819 + -38831. What are the prime factors of b?
2, 3, 19
Suppose 5648*q - 614263 = 5635*q. List the prime factors of q.
47251
Suppose 25673 = 5*z + 4*g - 69095, 2*z - 37900 = -4*g. What are the prime factors of z?
2, 7, 677
Suppose 9*x = -5*x + 70. Suppose x*k = 8*k + 264. Let q = k - -95. List the prime factors of q.
7
Let r(n) = -3*n**3 - 13*n**2 - 5*n + 6. Let d be r(-9). Let j = d + -830. List the prime factors of j.
5, 71
Let c(m) = m**2 - m. Let i(y) = 4 + y**3 - 10*y**2 - 4*y**2 + y**2 - 5. Let j(r) = -4*c(r) - i(r). List the prime factors of j(9).
37
Suppose 1395668 + 395307 - 293279 = 24*z. List the prime factors of z.
2, 15601
Suppose 3*n + t + 5230 + 99 = 0, 4*n + 7107 = -t. List the prime factors of (3/9)/(7/n)*-6.
2, 127
Let x = 63432 + -35578. What are the prime factors of x?
2, 19, 733
Let d = -32118 + 52514. What are the prime factors of d?
2, 5099
List the prime factors of (-32 - -29)*(1 - (-21225)/(-9)).
2, 13, 17
Suppose 473869 = 49*y + 43*y - 908983. What are the prime factors of y?
15031
Let w(o) be the second derivative of 17/6*o**3 - 24*o**2 + 0 + 3*o. What are the prime factors of w(11)?
139
Suppose 3602 = 2*n - 152*a + 156*a, 0 = 2*n + 3*a - 3603. List the prime factors of n.
3, 601
List the prime factors of (187551/(-36) - 2)/(3/(-12)*1).
3, 6949
Let k(x) be the second derivative of -x**5/20 + 3*x**4/4 + x**3/6 - 6*x**2 - 7*x. Let q be k(9). Let g(a) = 8*a**2 - 2*a + 1. List the prime factors of g(q).
79
Let b(s) be the second derivative of s**5/60 + 7*s**4/12 + 2*s**3/3 + 4*s. Let w(l) be the second derivative of b(l). List the prime factors of w(7).
2, 7
Let o(q) = 54*q**3 - 3*q**2 + 4*q - 30. Let z be o(5). Suppose w = 3*t - 3999, 7*w = -5*t + 4*w + z. List the prime factors of t.
31, 43
Let q(r) = 5341*r + 42. List the prime factors of q(1).
7, 769
Let a be (-4)/(-14) + 1359/21. Let b(p) = -p**3 + 5*p**2 - 19*p + 42. Let z be b(3). List the prime factors of a - (6 + 0 - z).
2, 31
Let x = -9479 + 55334. What are the prime factors of x?
3, 5, 1019
Let m = 11618 + 4957. Suppose m = -9*u + 22*u. What are the prime factors of u?
3, 5, 17
Suppose -12053 - 140073 = -13*f. What are the prime factors of f?
2, 5851
Suppose 3*o = 4*o - 40. List the prime factors of o/(-131*(-1)/(-22) + 6).
2, 5, 11
Suppose -3*w = -4*z + 17102, 2*z - 8548 = -187*w + 188*w. List the prime factors of z.
4271
Suppose 1 = 3*i - 2*i - l, 7 = 3*i + l. Suppose -5*u = -t + 1 - 11, -4 = -i*u + 4*t. Suppose -140 = -3*m - 2*f, u*f = 1 + 1. List the prime factors of m.
2, 23
Let f = 144 - 2. Suppose 5*v - 1045 = -0*v. Let g = v - f. List the prime factors of g.
67
Let r = -204 - -150. What are the prime factors of 24/((-69)/r + (-8)/(-36))?
2
Suppose 51*t + 12 = 55*t, t = -5*h + 28. Let x(d) = 195*d - 124. List the prime factors of x(h).
23, 37
Let k(a) = -1224*a + 1102. What are the prime factors of k(-21)?
2, 13, 1031
Suppose 2*k - 6*k + 36234 = 7*k. What are the prime factors of k?
2, 3, 61
Let s(i) = -6*i - 38. Let y be s(-7). Suppose 609 = 2*k - 3*m, -5*k = -3*k + y*m - 644. What are the prime factors of k?
2, 3, 13
Let r be -7*16/(-280) + 4/(-10). Suppose -f + 327 + 350 = r. List the prime factors of f.
677
Let s(u) = -938*u - 2866. What are the prime factors of s(-6)?
2, 1381
Suppose -109 + 100 = -3*z. Suppose z*b - 4*p - 4784 = 0, -4*b + b = -3*p - 4785. What are the prime factors of b?
2, 3, 7, 19
Suppose -9*l + 18525 = -34*l. Let w = -217 - l. List the prime factors of w.
2, 131
Let z(l) be the third derivative of -l**6/120 + 3*l**5/10 - 23*l**4/24 + 34*l**3/3 + 3*l**2 + 16. List the prime factors of z(13).
2, 307
Suppose 0 = -156*x + 151*x - m + 198472, -5*m - 158737 = -4*x. What are the prime factors of x?
3, 101, 131
Let a(f) = 4*f + 1 + 4*f**2 - 2*f - 4*f - f**3. Let z = -580 + 582. What are the prime factors of a(z)?
5
Suppose 0 = -5*q + 631 - 791. Suppose 2*c + t - 74 = 0, 6*t = 2*t + 8. List the prime factors of (c/3)/((-3)/q).
2
Suppose 3018 = 2*w - 4*y, 4*w - 4505 = y + 1517. List the prime factors of w.
5, 7, 43
Let t(f) = -f**3 - f + 10. Let v be t(0). Let r be (v/15)/(4/(-84)). List the prime factors of r/6*(-3 - 3).
2, 7
Let h(q) = -194*q - 247. What are the prime factors of h(-81)?
15467
Let j(d) = 8*d + 33. Let v(p) = -8*p - 33. Let t(c) = -2*j(c) - 3*v(c). List the prime factors of t(11).
11
Let v(s) = 13*s + 20. Let t be v(4). Suppose 5*q - 497 = -t. Let r = q - -28. List the prime factors of r.
113
Let y(c) = -c**3 - 2*c**2 + c - 3. Let g be y(-3). Suppose 0 = -g*o - 298 + 13. What are the prime factors of (-2603)/o + (-4)/10?
3
Suppose 0 = -13*v + 20 + 19. Suppose -2*x = 7*t - v*t - 982, 2*x = 5*t - 1250. List the prime factors of t.
2, 31
Let t be 0 + (15/4 + -3)*-24. Let w be (-13558)/t - (0 - 2/(-9)). Suppose -5*u - 5*h + 945 = 0, 4*u + 0*u + h = w. List the prime factors of u.
2, 47
Let r be (1 + -8)*(-26 - -1). Suppose 334*i = 310*i + 720. Suppose 0 = -5*h + r + i. List the prime factors of h.
41
Suppose 0 = 4*o + 6*o - 3830. Let r = o + -284. List the prime factors of r.
3, 11
Suppose -18426 = 3*t - 3*b - 69261, 0 = 5*t - 4*b - 84729. List the prime factors of t.
17, 997
Suppose 19*h - 303 = 3212. Suppose 236 = 4*b - 804. Let u = b - h. List the prime factors of u.
3, 5
Let x = 13 + -5. Let q = -2 + x. Suppose q*p - 675 = p. List the prime factors of p.
3, 5
Suppose -6 = -8*b + 5*b. Suppose l + 93 = -2*c, -b*c + 3*c = -l - 45. Let v = 92 - c. What are the prime factors of v?
2, 5, 7
Let y be 1 + (1 - -4*4). Suppose -21 - y = -3*x. Suppose -15*b + 186 = -x*b